 15 - 11. Suppose 8*k - 25 = 3*k. Suppose 0 = a + 3*b - k - 23, 5*b + 129 = j*a. Calculate the remainder when a is divided by 11.
9
What is the remainder when 114 is divided by 1*((-116)/(-16))/((-2)/(-8))?
27
Calculate the remainder when 12/7*77/11 is divided by 5.
2
Calculate the remainder when 28 is divided by 50/5 - (0 + 0).
8
Calculate the remainder when (-417)/(-4) - (54/(-8))/9 is divided by 36.
33
Suppose -2*r = -d - 10, -r + 4*d = 2*r - 20. Suppose 3*v + 5*g - r = 47, -2*g = 2*v - 34. Calculate the remainder when v is divided by 6.
5
Let j(z) = z**3 + 7*z**2 - 15*z - 19. Calculate the remainder when j(-8) is divided by 7.
2
Let h = 32 - 21. What is the remainder when 28 is divided by h?
6
Suppose -4*c + 160 = -0*c. What is the remainder when c is divided by 22?
18
Calculate the remainder when 931/21 + 4/6 is divided by 12.
9
Let i(f) = f**2 - 10*f + 9. Let x be i(8). Let h = 7 - x. What is the remainder when 162/4 - (-6)/12 is divided by h?
13
Let u(b) = -17*b**3 - 3*b**2 - 2*b. Calculate the remainder when 46 is divided by u(-1).
14
Let j(p) = -p**2 + 6*p + 5. Let o be j(4). Suppose -8 = 2*n - 5*n + 2*h, h + 14 = 4*n. Suppose -n*f + 35 = -o. Calculate the remainder when 34 is divided by f.
10
What is the remainder when 27 is divided by (3 - 11/3)/(4/(-42))?
6
Let b(c) = c - 18. Let n be b(9). Let r = n + 15. Calculate the remainder when 22 is divided by r.
4
Let h = -6 - -13. Let l(k) = 1 - 1 + 16*k - 11 - k**2. Calculate the remainder when h is divided by l(15).
3
Suppose 10 = b - 4*l, 6 = -0*l - 3*l. Suppose -5 = 5*h, -b*r + 5*r = h + 46. What is the remainder when r is divided by 6?
3
Suppose 0 = 3*c - 3*f + 6*f - 48, 0 = -3*f + 6. Suppose 27 + 13 = 5*o. Calculate the remainder when c is divided by o.
6
Suppose -44*c = -46*c + 102. Calculate the remainder when c is divided by 13.
12
Let w = 59 + -36. Let h(z) = 3*z**2 + z + 2. Calculate the remainder when w is divided by h(-2).
11
Suppose 9*u - 4*u = 35. What is the remainder when 32 is divided by u?
4
Suppose 2*g + 6 = 8*g. What is the remainder when 1 is divided by g?
0
Let j(i) be the third derivative of 0*i + 0 - 2*i**2 - 1/8*i**4 - i**3. Calculate the remainder when 46 is divided by j(-6).
10
Suppose -3*u + 0*u = -2*i - 11, 2*u - 11 = 5*i. What is the remainder when 20 is divided by 7/(-2 - u/(-1))?
6
What is the remainder when -1 + -4 - (10 + -119) is divided by 21?
20
Let j = 25 - -2. Calculate the remainder when j is divided by ((-3)/(-2))/((-3)/(-28)).
13
Let s(z) = -z**3 + 7*z**2 - 6*z - 1. What is the remainder when 88 is divided by s(4)?
19
Suppose 3*i = i - 2*k + 82, -3*i = 5*k - 127. What is the remainder when i is divided by ((-12)/3)/4*-10?
9
Let a = 91 - 47. Let k = a - -27. Let i = -25 + k. What is the remainder when i is divided by 16?
14
Let p(b) = b**2 - 16*b + 28. Calculate the remainder when p(22) is divided by 33.
28
Suppose 0 = -4*u - 1 + 17. Suppose -2*o - 7 = 1. Let f(w) = w**2 + 5*w + 6. What is the remainder when u is divided by f(o)?
0
Suppose 7*t - 97 + 27 = 0. What is the remainder when t is divided by 5?
0
Let f(w) = w**2 + 7*w + 3. Calculate the remainder when 4 is divided by f(-7).
1
Suppose 14 = 5*c - 6. What is the remainder when 17 is divided by 4 - (c + (-12)/2)?
5
Suppose -10 = 2*r, 0*h + 5*h - 3*r = -15. Let d = 45 + -30. What is the remainder when ((-4)/(-6))/(h/(-243)) is divided by d?
12
Suppose w + 0*w - 70 = 0. Suppose -a = 4*a - w. Let u(l) = -18*l - 17. Calculate the remainder when u(-4) is divided by a.
13
Suppose 5*v - v = 52. Calculate the remainder when 24 is divided by v.
11
Let h(u) be the third derivative of u**5/60 + u**4/8 - u**3/6 + 4*u**2. What is the remainder when 50 is divided by h(-6)?
16
Let b = -4 + 20. Suppose -o - 2*d + 40 = 0, 4*o + 5*d - 107 = 59. Calculate the remainder when o is divided by b.
12
Let t = 2 - 11. Let w = 14 + t. Calculate the remainder when 7 is divided by w.
2
Let w(j) = 2*j - 14. Let c be (-129)/(-12) - (-6)/(-8). Calculate the remainder when w(c) is divided by 2.
0
Let s(w) = -w + 8 + 2*w - 2. Let i(m) = m + 12. Calculate the remainder when i(5) is divided by s(0).
5
Suppose 348 = 49*v - 45*v. What is the remainder when v is divided by 23?
18
Let s(v) = -2*v + 6*v**2 + 3 + 5*v**3 - 2 - 6*v**3. What is the remainder when s(5) is divided by 6?
4
Let r(v) = v**2. What is the remainder when 24 is divided by r(-3)?
6
Suppose w = 2*y + 15, -y = w - 4*y - 20. Suppose -11 + 1 = -w*n. Let q(a) = -a - 3. Calculate the remainder when n is divided by q(-4).
0
Suppose 0 = j + l + 2 - 0, -3*j - 4*l = 6. Calculate the remainder when 3 + (-2 - (j - 46)) is divided by 10.
9
Suppose y = -3*y - 4, -19 = -2*j + 3*y. Suppose -67 = -3*k - 2*r, -3*r = 3*k - 56 - 10. Calculate the remainder when k is divided by j.
7
Let z be -3 - 36/(1 + -4). Suppose -z = -0*g - g. Calculate the remainder when 35 is divided by g.
8
Suppose 4*p - 3*l = 21 - 5, 15 = 3*p - 3*l. What is the remainder when 2 is divided by p*(-1 + 2 - 0)?
0
Suppose -40 = -5*k - p + 5*p, 0 = 4*k + 2*p - 6. Let n be (74/1)/(k/2). Calculate the remainder when (1 + 0/(-1))*n is divided by 10.
7
Suppose -2*n - 6 + 20 = 0. Suppose 16*j = 18*j - 68. What is the remainder when j is divided by n?
6
Let k be (-6)/2*5/(-3). Suppose 0 = 4*a - 2*q - 76, 4*a + 2*q - k*q = 74. Calculate the remainder when 79 is divided by a.
19
Suppose 4*l + 2*k + 4 = -3*k, 0 = -l - k. Suppose -l*m + m + 12 = 0. Calculate the remainder when 19 is divided by m.
3
Let u be 2 + (-9)/3 + 38. Suppose 4*a + l - u = 12, -4*l + 40 = 3*a. Calculate the remainder when (3 + -2 - 0)*35 is divided by a.
11
Let x = 4 - 1. Suppose -f + 1 = -2*s + 57, 77 = x*s - 5*f. Calculate the remainder when s is divided by 10.
9
Let m(w) = -w**3 + 15*w**2 - 11*w + 15. What is the remainder when m(14) is divided by 20?
17
Suppose -11*v = -2*v - 63. Calculate the remainder when 26 is divided by v.
5
Let h be ((-2)/5)/(5/175). What is the remainder when (h/2)/((-3)/18) is divided by 15?
12
Let g(c) = c**2 + 2. Let y(p) = p**3 + 3*p**2 - 3. Let o be y(-3). What is the remainder when 43 is divided by g(o)?
10
Let n = 30 + -5. Let y = -38 + 24. Let h = 23 + y. What is the remainder when n is divided by h?
7
Suppose 4*x + 4*s = 40, 3*x - 32 = -0*x - 5*s. What is the remainder when x is divided by 3?
0
Suppose 4*j - 3*c = -0*j + 419, 3*c = j - 98. What is the remainder when j is divided by 11?
8
Suppose -4*r = -49 + 1. Calculate the remainder when 227 is divided by r.
11
Calculate the remainder when (4 - -2)/6*(0 - -70) is divided by 18.
16
Suppose 4*q = -0*q. Suppose -3*a + 0*y + 19 = y, 5*a - 4*y - 43 = q. What is the remainder when a is divided by 3?
1
Let a = 2 + -1. Suppose -w = -a, -w - 11 = -3*i + 3. Suppose 0 = -i*y + h + 3*h + 23, y - h = 5. Calculate the remainder when 8 is divided by y.
2
Calculate the remainder when (-16)/64 - 738/(-8) is divided by 31.
30
Suppose 5*o = -10*o + 1905. Calculate the remainder when o is divided by 26.
23
Let w(z) = -5*z - 1. Let d(m) = -m**3 + 2*m**2 + 4*m + 2. What is the remainder when w(-6) is divided by d(-2)?
9
Let m = 18 - 6. Let q(k) = -19*k - 35. Calculate the remainder when q(-3) is divided by m.
10
Let f(y) = 10*y - 32. What is the remainder when 125 is divided by f(5)?
17
Let o = 76 - 44. Suppose -3*u - 6 = -3*t, -2*u - 2 = -4*u. Suppose -t*s = s - o. What is the remainder when s is divided by 5?
3
Let n(i) = 13*i**3 - 2*i**2 + 1. Let y be n(1). Suppose 23 = -3*g + 7*g + r, -y = -4*r. Calculate the remainder when 18 is divided by g.
3
Let w(r) = 0 + 0 + r - 7*r**2 + 23*r**2. Calculate the remainder when w(-2) is divided by 16.
14
Let a(d) be the first derivative of d**4/4 - d**3/3 - d**2/2 + 2*d + 2. Calculate the remainder when 6 is divided by a(2).
2
Let y(r) = r + 8. Let n be (-93)/15 - 1/(-5). What is the remainder when 5 is divided by y(n)?
1
Suppose l = 5*s + 27 - 9, -3*l = 5*s - 134. What is the remainder when l is divided by 11?
5
Let x(f) = 2*f**2 + 4*f - 5. Let m be x(-6). Suppose m + 2 = -5*n. Let v = n + 21. Calculate the remainder when 47 is divided by v.
11
Let b = -27 - -30. Calculate the remainder when 10 is divided by b.
1
Let o be 2*(98/4 - 1). Let z be (10/3)/(4/6). Suppose -o - 28 = -z*c. Calculate the remainder when c is divided by 4.
3
Suppose